{"id":21299,"date":"2026-01-30T15:37:36","date_gmt":"2026-01-30T13:37:36","guid":{"rendered":"https:\/\/www.lemeta.ro\/?post_type=product&#038;p=21299"},"modified":"2026-03-09T17:08:48","modified_gmt":"2026-03-09T15:08:48","slug":"candela-rezerva-memoria-alb-144-ore-bispol-400","status":"publish","type":"product","link":"https:\/\/www.lemeta.ro\/index.php\/produs\/candela-rezerva-memoria-alb-144-ore-bispol-400\/","title":{"rendered":"Candela rezerva Memoria alb, 144 ore, Bispol 400g"},"content":{"rendered":"<p data-start=\"147\" data-end=\"872\">Crea\u021bi un loc de reculegere care eman\u0103 pace \u0219i demnitate cu aceast\u0103 <strong data-start=\"238\" data-end=\"262\">candel\u0103 rezerv\u0103 alb\u0103<\/strong> de la <strong data-start=\"269\" data-end=\"279\">Bispol<\/strong>, conceput\u0103 s\u0103 ard\u0103 p\u00e2n\u0103 la <strong data-start=\"307\" data-end=\"321\">144 de ore<\/strong> \u2013 echivalentul unei lumini constante timp de aproape \u0219ase zile.<\/p>\n<p data-start=\"147\" data-end=\"872\">Compozi\u021bia sa, ce con\u021bine aproximativ <strong data-start=\"424\" data-end=\"444\" data-is-only-node=\"\">30% ulei vegetal<\/strong> combinat cu parafin\u0103 de calitate, asigur\u0103 o <strong data-start=\"489\" data-end=\"534\">ardere curat\u0103, uniform\u0103 \u0219i lipsit\u0103 de fum<\/strong>, oferind o flac\u0103r\u0103 stabil\u0103 \u0219i plin\u0103 de serenitate. Recipientul din <strong data-start=\"602\" data-end=\"617\">plastic alb<\/strong>, cu o greutate de <strong data-start=\"636\" data-end=\"645\">390 g<\/strong>, este practic \u0219i rezistent, ideal pentru utilizare \u00een exterior sau \u00een locuri unde este nevoie de o lumin\u0103 discret\u0103, dar de durat\u0103. Produsul este <strong data-start=\"791\" data-end=\"814\">fabricat \u00een Polonia<\/strong>, garant\u00e2nd standarde ridicate de calitate \u0219i siguran\u021b\u0103.<\/p>\n<p data-start=\"874\" data-end=\"1330\">Alege\u021bi aceast\u0103 candel\u0103 pentru <strong data-start=\"905\" data-end=\"960\">momentele care merit\u0103 o lumin\u0103 senin\u0103 \u0219i statornic\u0103<\/strong> \u2013 fie pentru comemor\u0103ri, fie ca simbol al purit\u0103\u021bii \u0219i speran\u021bei.<\/p>\n<p data-start=\"874\" data-end=\"1330\">Cu o <strong data-start=\"1032\" data-end=\"1053\">\u00een\u0103l\u021bime de 18 cm<\/strong> \u0219i <strong data-start=\"1057\" data-end=\"1077\">diametru de 7 cm<\/strong>, se potrive\u0219te perfect \u00een suporturile obi\u0219nuite pentru candele, f\u0103r\u0103 a ocupa prea mult spa\u021biu. Se recomand\u0103 utilizarea pe un suport stabil \u0219i evitarea l\u0103s\u0103rii nesupravegheate, pentru a p\u0103stra \u00een siguran\u021b\u0103 frumuse\u021bea momentului \u0219i lini\u0219tea atmosferei.<\/p>\n","protected":false},"excerpt":{"rendered":"<article class=\"text-token-text-primary w-full focus:outline-none [--shadow-height:45px] has-data-writing-block:pointer-events-none has-data-writing-block:-mt-(--shadow-height) has-data-writing-block:pt-(--shadow-height) [&amp;:has([data-writing-block])&gt;*]:pointer-events-auto [content-visibility:auto] supports-[content-visibility:auto]:[contain-intrinsic-size:auto_100lvh] scroll-mt-[calc(var(--header-height)+min(200px,max(70px,20svh)))]\" dir=\"auto\" tabindex=\"-1\" data-turn-id=\"request-WEB:1a2dbc41-417a-4d78-abf6-6e959de7a375-15\" data-testid=\"conversation-turn-30\" data-scroll-anchor=\"true\" data-turn=\"assistant\">\n<div class=\"text-base my-auto mx-auto pb-10 [--thread-content-margin:--spacing(4)] thread-sm:[--thread-content-margin:--spacing(6)] thread-lg:[--thread-content-margin:--spacing(16)] px-(--thread-content-margin)\">\n<div class=\"[--thread-content-max-width:40rem] thread-lg:[--thread-content-max-width:48rem] mx-auto max-w-(--thread-content-max-width) flex-1 group\/turn-messages focus-visible:outline-hidden relative flex w-full min-w-0 flex-col agent-turn\" tabindex=\"-1\">\n<div class=\"flex max-w-full flex-col grow\">\n<div class=\"min-h-8 text-message relative flex w-full flex-col items-end gap-2 text-start break-words whitespace-normal [.text-message+&amp;]:mt-1\" dir=\"auto\" data-message-author-role=\"assistant\" data-message-id=\"0a361cd1-a0ca-45f8-a51f-b63cf45f0135\" data-message-model-slug=\"gpt-5\">\n<div class=\"flex w-full flex-col gap-1 empty:hidden first:pt-[1px]\">\n<div class=\"markdown prose dark:prose-invert w-full break-words dark markdown-new-styling\">\n<p data-start=\"270\" data-end=\"446\" data-is-last-node=\"\" data-is-only-node=\"\">Candela alb\u0103 Bispol WO11 ofer\u0103 o flac\u0103r\u0103 uniform\u0103 \u0219i de lung\u0103 durat\u0103, p\u00e2n\u0103 la 144 de ore. Ideal\u0103 pentru momente de reculegere, rug\u0103ciune sau comemorare.<\/p>\n<\/div>\n<\/div>\n<\/div>\n<\/div>\n<\/div>\n<\/div>\n<\/article>\n","protected":false},"featured_media":21300,"template":"","meta":{"ngg_post_thumbnail":0},"product_brand":[],"product_cat":[12],"product_tag":[],"class_list":{"0":"post-21299","1":"product","2":"type-product","3":"status-publish","4":"has-post-thumbnail","6":"product_cat-lumanari","8":"first","9":"instock","10":"taxable","11":"shipping-taxable","12":"purchasable","13":"product-type-simple"},"yoast_head":"<!-- This site is optimized with the Yoast SEO plugin v27.5 - https:\/\/yoast.com\/product\/yoast-seo-wordpress\/ -->\n<title>Candela rezerva Memoria alb, 144 ore, Bispol 400g - Lemeta - Monumente funerare<\/title>\n<meta name=\"description\" content=\"Candela rezerv\u0103 alb\u0103 Bispol WO11, cu ardere de p\u00e2n\u0103 la 144 de ore \u2013 lumin\u0103 curat\u0103 \u0219i constant\u0103, simbol al purit\u0103\u021bii \u0219i reculegerii.\" \/>\n<meta name=\"robots\" content=\"index, follow, max-snippet:-1, max-image-preview:large, max-video-preview:-1\" \/>\n<link rel=\"canonical\" href=\"https:\/\/www.lemeta.ro\/index.php\/produs\/candela-rezerva-memoria-alb-144-ore-bispol-400\/\" \/>\n<meta property=\"og:locale\" content=\"ro_RO\" \/>\n<meta property=\"og:type\" content=\"article\" \/>\n<meta property=\"og:title\" content=\"Candela rezerva Memoria alb, 144 ore, Bispol 400g - Lemeta - Monumente funerare\" \/>\n<meta property=\"og:description\" content=\"Candela rezerv\u0103 alb\u0103 Bispol WO11, cu ardere de p\u00e2n\u0103 la 144 de ore \u2013 lumin\u0103 curat\u0103 \u0219i constant\u0103, simbol al purit\u0103\u021bii \u0219i reculegerii.\" \/>\n<meta property=\"og:url\" content=\"https:\/\/www.lemeta.ro\/index.php\/produs\/candela-rezerva-memoria-alb-144-ore-bispol-400\/\" \/>\n<meta property=\"og:site_name\" content=\"Lemeta - Monumente funerare\" \/>\n<meta property=\"article:publisher\" content=\"https:\/\/www.facebook.com\/lemeta.ro\" \/>\n<meta property=\"article:modified_time\" content=\"2026-03-09T15:08:48+00:00\" \/>\n<meta property=\"og:image\" content=\"https:\/\/www.lemeta.ro\/wp-content\/uploads\/2025\/10\/bispol-alb-6-zile.jpg\" \/>\n\t<meta property=\"og:image:width\" content=\"800\" \/>\n\t<meta property=\"og:image:height\" content=\"800\" \/>\n\t<meta property=\"og:image:type\" content=\"image\/jpeg\" \/>\n<meta name=\"twitter:card\" content=\"summary_large_image\" \/>\n<meta name=\"twitter:label1\" content=\"Timp estimat pentru citire\" \/>\n\t<meta name=\"twitter:data1\" content=\"2 minute\" \/>\n<script type=\"application\/ld+json\" class=\"yoast-schema-graph\">{\"@context\":\"https:\\\/\\\/schema.org\",\"@graph\":[{\"@type\":\"WebPage\",\"@id\":\"https:\\\/\\\/www.lemeta.ro\\\/index.php\\\/produs\\\/candela-rezerva-memoria-alb-144-ore-bispol-400\\\/\",\"url\":\"https:\\\/\\\/www.lemeta.ro\\\/index.php\\\/produs\\\/candela-rezerva-memoria-alb-144-ore-bispol-400\\\/\",\"name\":\"Candela rezerva Memoria alb, 144 ore, Bispol 400g - Lemeta - Monumente funerare\",\"isPartOf\":{\"@id\":\"https:\\\/\\\/www.lemeta.ro\\\/#website\"},\"primaryImageOfPage\":{\"@id\":\"https:\\\/\\\/www.lemeta.ro\\\/index.php\\\/produs\\\/candela-rezerva-memoria-alb-144-ore-bispol-400\\\/#primaryimage\"},\"image\":{\"@id\":\"https:\\\/\\\/www.lemeta.ro\\\/index.php\\\/produs\\\/candela-rezerva-memoria-alb-144-ore-bispol-400\\\/#primaryimage\"},\"thumbnailUrl\":\"https:\\\/\\\/www.lemeta.ro\\\/wp-content\\\/uploads\\\/2025\\\/10\\\/bispol-alb-6-zile.jpg\",\"datePublished\":\"2026-01-30T13:37:36+00:00\",\"dateModified\":\"2026-03-09T15:08:48+00:00\",\"description\":\"Candela rezerv\u0103 alb\u0103 Bispol WO11, cu ardere de p\u00e2n\u0103 la 144 de ore \u2013 lumin\u0103 curat\u0103 \u0219i constant\u0103, simbol al purit\u0103\u021bii \u0219i reculegerii.\",\"breadcrumb\":{\"@id\":\"https:\\\/\\\/www.lemeta.ro\\\/index.php\\\/produs\\\/candela-rezerva-memoria-alb-144-ore-bispol-400\\\/#breadcrumb\"},\"inLanguage\":\"ro-RO\",\"potentialAction\":[{\"@type\":\"ReadAction\",\"target\":[\"https:\\\/\\\/www.lemeta.ro\\\/index.php\\\/produs\\\/candela-rezerva-memoria-alb-144-ore-bispol-400\\\/\"]}]},{\"@type\":\"ImageObject\",\"inLanguage\":\"ro-RO\",\"@id\":\"https:\\\/\\\/www.lemeta.ro\\\/index.php\\\/produs\\\/candela-rezerva-memoria-alb-144-ore-bispol-400\\\/#primaryimage\",\"url\":\"https:\\\/\\\/www.lemeta.ro\\\/wp-content\\\/uploads\\\/2025\\\/10\\\/bispol-alb-6-zile.jpg\",\"contentUrl\":\"https:\\\/\\\/www.lemeta.ro\\\/wp-content\\\/uploads\\\/2025\\\/10\\\/bispol-alb-6-zile.jpg\",\"width\":800,\"height\":800},{\"@type\":\"BreadcrumbList\",\"@id\":\"https:\\\/\\\/www.lemeta.ro\\\/index.php\\\/produs\\\/candela-rezerva-memoria-alb-144-ore-bispol-400\\\/#breadcrumb\",\"itemListElement\":[{\"@type\":\"ListItem\",\"position\":1,\"name\":\"Home\",\"item\":\"https:\\\/\\\/www.lemeta.ro\\\/\"},{\"@type\":\"ListItem\",\"position\":2,\"name\":\"Shop Lemeta\",\"item\":\"https:\\\/\\\/www.lemeta.ro\\\/index.php\\\/shop-lemeta\\\/\"},{\"@type\":\"ListItem\",\"position\":3,\"name\":\"Candela rezerva Memoria alb, 144 ore, Bispol 400g\"}]},{\"@type\":\"WebSite\",\"@id\":\"https:\\\/\\\/www.lemeta.ro\\\/#website\",\"url\":\"https:\\\/\\\/www.lemeta.ro\\\/\",\"name\":\"Lemeta - Monumente funerare\",\"description\":\"Monumente funerare\",\"publisher\":{\"@id\":\"https:\\\/\\\/www.lemeta.ro\\\/#organization\"},\"potentialAction\":[{\"@type\":\"SearchAction\",\"target\":{\"@type\":\"EntryPoint\",\"urlTemplate\":\"https:\\\/\\\/www.lemeta.ro\\\/?s={search_term_string}\"},\"query-input\":{\"@type\":\"PropertyValueSpecification\",\"valueRequired\":true,\"valueName\":\"search_term_string\"}}],\"inLanguage\":\"ro-RO\"},{\"@type\":\"Organization\",\"@id\":\"https:\\\/\\\/www.lemeta.ro\\\/#organization\",\"name\":\"Lemeta - Monumente funerare\",\"url\":\"https:\\\/\\\/www.lemeta.ro\\\/\",\"logo\":{\"@type\":\"ImageObject\",\"inLanguage\":\"ro-RO\",\"@id\":\"https:\\\/\\\/www.lemeta.ro\\\/#\\\/schema\\\/logo\\\/image\\\/\",\"url\":\"https:\\\/\\\/www.lemeta.ro\\\/wp-content\\\/uploads\\\/2024\\\/05\\\/lemeta-logo.jpg\",\"contentUrl\":\"https:\\\/\\\/www.lemeta.ro\\\/wp-content\\\/uploads\\\/2024\\\/05\\\/lemeta-logo.jpg\",\"width\":800,\"height\":800,\"caption\":\"Lemeta - Monumente funerare\"},\"image\":{\"@id\":\"https:\\\/\\\/www.lemeta.ro\\\/#\\\/schema\\\/logo\\\/image\\\/\"},\"sameAs\":[\"https:\\\/\\\/www.facebook.com\\\/lemeta.ro\"]}]}<\/script>\n<!-- \/ Yoast SEO plugin. -->","yoast_head_json":{"title":"Candela rezerva Memoria alb, 144 ore, Bispol 400g - Lemeta - Monumente funerare","description":"Candela rezerv\u0103 alb\u0103 Bispol WO11, cu ardere de p\u00e2n\u0103 la 144 de ore \u2013 lumin\u0103 curat\u0103 \u0219i constant\u0103, simbol al purit\u0103\u021bii \u0219i reculegerii.","robots":{"index":"index","follow":"follow","max-snippet":"max-snippet:-1","max-image-preview":"max-image-preview:large","max-video-preview":"max-video-preview:-1"},"canonical":"https:\/\/www.lemeta.ro\/index.php\/produs\/candela-rezerva-memoria-alb-144-ore-bispol-400\/","og_locale":"ro_RO","og_type":"article","og_title":"Candela rezerva Memoria alb, 144 ore, Bispol 400g - Lemeta - Monumente funerare","og_description":"Candela rezerv\u0103 alb\u0103 Bispol WO11, cu ardere de p\u00e2n\u0103 la 144 de ore \u2013 lumin\u0103 curat\u0103 \u0219i constant\u0103, simbol al purit\u0103\u021bii \u0219i reculegerii.","og_url":"https:\/\/www.lemeta.ro\/index.php\/produs\/candela-rezerva-memoria-alb-144-ore-bispol-400\/","og_site_name":"Lemeta - Monumente funerare","article_publisher":"https:\/\/www.facebook.com\/lemeta.ro","article_modified_time":"2026-03-09T15:08:48+00:00","og_image":[{"width":800,"height":800,"url":"https:\/\/www.lemeta.ro\/wp-content\/uploads\/2025\/10\/bispol-alb-6-zile.jpg","type":"image\/jpeg"}],"twitter_card":"summary_large_image","twitter_misc":{"Timp estimat pentru citire":"2 minute"},"schema":{"@context":"https:\/\/schema.org","@graph":[{"@type":"WebPage","@id":"https:\/\/www.lemeta.ro\/index.php\/produs\/candela-rezerva-memoria-alb-144-ore-bispol-400\/","url":"https:\/\/www.lemeta.ro\/index.php\/produs\/candela-rezerva-memoria-alb-144-ore-bispol-400\/","name":"Candela rezerva Memoria alb, 144 ore, Bispol 400g - Lemeta - Monumente funerare","isPartOf":{"@id":"https:\/\/www.lemeta.ro\/#website"},"primaryImageOfPage":{"@id":"https:\/\/www.lemeta.ro\/index.php\/produs\/candela-rezerva-memoria-alb-144-ore-bispol-400\/#primaryimage"},"image":{"@id":"https:\/\/www.lemeta.ro\/index.php\/produs\/candela-rezerva-memoria-alb-144-ore-bispol-400\/#primaryimage"},"thumbnailUrl":"https:\/\/www.lemeta.ro\/wp-content\/uploads\/2025\/10\/bispol-alb-6-zile.jpg","datePublished":"2026-01-30T13:37:36+00:00","dateModified":"2026-03-09T15:08:48+00:00","description":"Candela rezerv\u0103 alb\u0103 Bispol WO11, cu ardere de p\u00e2n\u0103 la 144 de ore \u2013 lumin\u0103 curat\u0103 \u0219i constant\u0103, simbol al purit\u0103\u021bii \u0219i reculegerii.","breadcrumb":{"@id":"https:\/\/www.lemeta.ro\/index.php\/produs\/candela-rezerva-memoria-alb-144-ore-bispol-400\/#breadcrumb"},"inLanguage":"ro-RO","potentialAction":[{"@type":"ReadAction","target":["https:\/\/www.lemeta.ro\/index.php\/produs\/candela-rezerva-memoria-alb-144-ore-bispol-400\/"]}]},{"@type":"ImageObject","inLanguage":"ro-RO","@id":"https:\/\/www.lemeta.ro\/index.php\/produs\/candela-rezerva-memoria-alb-144-ore-bispol-400\/#primaryimage","url":"https:\/\/www.lemeta.ro\/wp-content\/uploads\/2025\/10\/bispol-alb-6-zile.jpg","contentUrl":"https:\/\/www.lemeta.ro\/wp-content\/uploads\/2025\/10\/bispol-alb-6-zile.jpg","width":800,"height":800},{"@type":"BreadcrumbList","@id":"https:\/\/www.lemeta.ro\/index.php\/produs\/candela-rezerva-memoria-alb-144-ore-bispol-400\/#breadcrumb","itemListElement":[{"@type":"ListItem","position":1,"name":"Home","item":"https:\/\/www.lemeta.ro\/"},{"@type":"ListItem","position":2,"name":"Shop Lemeta","item":"https:\/\/www.lemeta.ro\/index.php\/shop-lemeta\/"},{"@type":"ListItem","position":3,"name":"Candela rezerva Memoria alb, 144 ore, Bispol 400g"}]},{"@type":"WebSite","@id":"https:\/\/www.lemeta.ro\/#website","url":"https:\/\/www.lemeta.ro\/","name":"Lemeta - Monumente funerare","description":"Monumente funerare","publisher":{"@id":"https:\/\/www.lemeta.ro\/#organization"},"potentialAction":[{"@type":"SearchAction","target":{"@type":"EntryPoint","urlTemplate":"https:\/\/www.lemeta.ro\/?s={search_term_string}"},"query-input":{"@type":"PropertyValueSpecification","valueRequired":true,"valueName":"search_term_string"}}],"inLanguage":"ro-RO"},{"@type":"Organization","@id":"https:\/\/www.lemeta.ro\/#organization","name":"Lemeta - Monumente funerare","url":"https:\/\/www.lemeta.ro\/","logo":{"@type":"ImageObject","inLanguage":"ro-RO","@id":"https:\/\/www.lemeta.ro\/#\/schema\/logo\/image\/","url":"https:\/\/www.lemeta.ro\/wp-content\/uploads\/2024\/05\/lemeta-logo.jpg","contentUrl":"https:\/\/www.lemeta.ro\/wp-content\/uploads\/2024\/05\/lemeta-logo.jpg","width":800,"height":800,"caption":"Lemeta - Monumente funerare"},"image":{"@id":"https:\/\/www.lemeta.ro\/#\/schema\/logo\/image\/"},"sameAs":["https:\/\/www.facebook.com\/lemeta.ro"]}]}},"_links":{"self":[{"href":"https:\/\/www.lemeta.ro\/index.php\/wp-json\/wp\/v2\/product\/21299","targetHints":{"allow":["GET"]}}],"collection":[{"href":"https:\/\/www.lemeta.ro\/index.php\/wp-json\/wp\/v2\/product"}],"about":[{"href":"https:\/\/www.lemeta.ro\/index.php\/wp-json\/wp\/v2\/types\/product"}],"wp:featuredmedia":[{"embeddable":true,"href":"https:\/\/www.lemeta.ro\/index.php\/wp-json\/wp\/v2\/media\/21300"}],"wp:attachment":[{"href":"https:\/\/www.lemeta.ro\/index.php\/wp-json\/wp\/v2\/media?parent=21299"}],"wp:term":[{"taxonomy":"product_brand","embeddable":true,"href":"https:\/\/www.lemeta.ro\/index.php\/wp-json\/wp\/v2\/product_brand?post=21299"},{"taxonomy":"product_cat","embeddable":true,"href":"https:\/\/www.lemeta.ro\/index.php\/wp-json\/wp\/v2\/product_cat?post=21299"},{"taxonomy":"product_tag","embeddable":true,"href":"https:\/\/www.lemeta.ro\/index.php\/wp-json\/wp\/v2\/product_tag?post=21299"}],"curies":[{"name":"wp","href":"https:\/\/api.w.org\/{rel}","templated":true}]}}